{"id":6158,"date":"2021-03-15T17:14:38","date_gmt":"2021-03-15T16:14:38","guid":{"rendered":"http:\/\/habitatgesocial.org\/sala-de-premsa-gracies-per-contactar\/"},"modified":"2022-10-19T16:15:08","modified_gmt":"2022-10-19T14:15:08","slug":"sala-de-prensa-gracias-por-contactar","status":"publish","type":"page","link":"https:\/\/habitatgesocial.org\/es\/sala-de-prensa-gracias-por-contactar\/","title":{"rendered":"Sala de prensa &#8211; Gracias por contactar"},"content":{"rendered":"\t\t<div data-elementor-type=\"wp-page\" data-elementor-id=\"6158\" class=\"elementor elementor-6158 elementor-2364\" data-elementor-post-type=\"page\">\n\t\t\t\t\t\t<section class=\"elementor-section elementor-top-section elementor-element elementor-element-1d083fbd elementor-section-boxed elementor-section-height-default elementor-section-height-default\" data-id=\"1d083fbd\" data-element_type=\"section\" data-e-type=\"section\">\n\t\t\t\t\t\t<div class=\"elementor-container elementor-column-gap-default\">\n\t\t\t\t\t<div class=\"elementor-column elementor-col-100 elementor-top-column elementor-element elementor-element-1eac3728\" data-id=\"1eac3728\" data-element_type=\"column\" data-e-type=\"column\">\n\t\t\t<div class=\"elementor-widget-wrap elementor-element-populated\">\n\t\t\t\t\t\t<div class=\"elementor-element elementor-element-7eee85a4 elementor-widget elementor-widget-text-editor\" data-id=\"7eee85a4\" data-element_type=\"widget\" data-e-type=\"widget\" data-widget_type=\"text-editor.default\">\n\t\t\t\t\t\t\t\t\t<p>\u00a1Gracias por contactar con nosotros!<\/p><p>A partir de ahora recibir\u00e1s las notas de prensa y comunicados de la Fundaci\u00f3n.<\/p><p>Mientras tanto te invitamos a conocernos un poco m\u00e1s.<\/p>\t\t\t\t\t\t\t\t<\/div>\n\t\t\t\t\t<\/div>\n\t\t<\/div>\n\t\t\t\t\t<\/div>\n\t\t<\/section>\n\t\t\t\t<section class=\"elementor-section elementor-top-section elementor-element elementor-element-2fe90ba elementor-section-boxed elementor-section-height-default elementor-section-height-default\" data-id=\"2fe90ba\" data-element_type=\"section\" data-e-type=\"section\">\n\t\t\t\t\t\t<div class=\"elementor-container elementor-column-gap-default\">\n\t\t\t\t\t<div class=\"elementor-column elementor-col-100 elementor-top-column elementor-element elementor-element-16666e3\" data-id=\"16666e3\" data-element_type=\"column\" data-e-type=\"column\">\n\t\t\t<div class=\"elementor-widget-wrap elementor-element-populated\">\n\t\t\t\t\t\t<div class=\"elementor-element elementor-element-ee74b0c elementor-align-center elementor-widget elementor-widget-button\" data-id=\"ee74b0c\" data-element_type=\"widget\" data-e-type=\"widget\" data-widget_type=\"button.default\">\n\t\t\t\t\t\t\t\t\t\t<a class=\"elementor-button elementor-button-link elementor-size-xs\" href=\"\/\">\n\t\t\t\t\t\t<span class=\"elementor-button-content-wrapper\">\n\t\t\t\t\t\t\t\t\t<span class=\"elementor-button-text\">Seguir navegando<\/span>\n\t\t\t\t\t<\/span>\n\t\t\t\t\t<\/a>\n\t\t\t\t\t\t\t\t<\/div>\n\t\t\t\t\t<\/div>\n\t\t<\/div>\n\t\t\t\t\t<\/div>\n\t\t<\/section>\n\t\t\t\t<\/div>\n\t\t","protected":false},"excerpt":{"rendered":"<p>\u00a1Gracias por contactar con nosotros! A partir de ahora recibir\u00e1s las notas de prensa y comunicados de la Fundaci\u00f3n. Mientras tanto te invitamos a conocernos un poco m\u00e1s. Seguir navegando<\/p>\n","protected":false},"author":5,"featured_media":5789,"parent":0,"menu_order":0,"comment_status":"closed","ping_status":"closed","template":"","meta":{"footnotes":""},"class_list":["post-6158","page","type-page","status-publish","has-post-thumbnail"],"_links":{"self":[{"href":"https:\/\/habitatgesocial.org\/es\/wp-json\/wp\/v2\/pages\/6158","targetHints":{"allow":["GET"]}}],"collection":[{"href":"https:\/\/habitatgesocial.org\/es\/wp-json\/wp\/v2\/pages"}],"about":[{"href":"https:\/\/habitatgesocial.org\/es\/wp-json\/wp\/v2\/types\/page"}],"author":[{"embeddable":true,"href":"https:\/\/habitatgesocial.org\/es\/wp-json\/wp\/v2\/users\/5"}],"replies":[{"embeddable":true,"href":"https:\/\/habitatgesocial.org\/es\/wp-json\/wp\/v2\/comments?post=6158"}],"version-history":[{"count":0,"href":"https:\/\/habitatgesocial.org\/es\/wp-json\/wp\/v2\/pages\/6158\/revisions"}],"wp:featuredmedia":[{"embeddable":true,"href":"https:\/\/habitatgesocial.org\/es\/wp-json\/wp\/v2\/media\/5789"}],"wp:attachment":[{"href":"https:\/\/habitatgesocial.org\/es\/wp-json\/wp\/v2\/media?parent=6158"}],"curies":[{"name":"wp","href":"https:\/\/api.w.org\/{rel}","templated":true}]}}

<div data-elementor-type="wp-page" data-elementor-id="6158" class="elementor elementor-6158 elementor-2364" data-elementor-post-type="page">
						<section class="elementor-section elementor-top-section elementor-element elementor-element-1d083fbd elementor-section-boxed elementor-section-height-default elementor-section-height-default" data-id="1d083fbd" data-element_type="section" data-e-type="section">
						<div class="elementor-container elementor-column-gap-default">
					<div class="elementor-column elementor-col-100 elementor-top-column elementor-element elementor-element-1eac3728" data-id="1eac3728" data-element_type="column" data-e-type="column">
			<div class="elementor-widget-wrap elementor-element-populated">
						<div class="elementor-element elementor-element-7eee85a4 elementor-widget elementor-widget-text-editor" data-id="7eee85a4" data-element_type="widget" data-e-type="widget" data-widget_type="text-editor.default">
									<p>¡Gracias por contactar con nosotros!</p><p>A partir de ahora recibirás las notas de prensa y comunicados de la Fundación.</p><p>Mientras tanto te invitamos a conocernos un poco más.</p>								</div>
					</div>
		</div>
					</div>
		</section>
				<section class="elementor-section elementor-top-section elementor-element elementor-element-2fe90ba elementor-section-boxed elementor-section-height-default elementor-section-height-default" data-id="2fe90ba" data-element_type="section" data-e-type="section">
						<div class="elementor-container elementor-column-gap-default">
					<div class="elementor-column elementor-col-100 elementor-top-column elementor-element elementor-element-16666e3" data-id="16666e3" data-element_type="column" data-e-type="column">
			<div class="elementor-widget-wrap elementor-element-populated">
						<div class="elementor-element elementor-element-ee74b0c elementor-align-center elementor-widget elementor-widget-button" data-id="ee74b0c" data-element_type="widget" data-e-type="widget" data-widget_type="button.default">
										<a class="elementor-button elementor-button-link elementor-size-xs" href="/">
						<span class="elementor-button-content-wrapper">
									<span class="elementor-button-text">Seguir navegando</span>
					</span>
					</a>
								</div>
					</div>
		</div>
					</div>
		</section>
				</div>

<p>¡Gracias por contactar con nosotros! A partir de ahora recibirás las notas de prensa y comunicados de la Fundación. Mientras tanto te invitamos a conocernos un poco más. Seguir navegando</p>
